6, what is -4 + 144e?
144a
In base 3, what is 1 + 110122102?
110122110
In base 15, what is 62 + 8009?
806b
In base 14, what is -96ad + -2?
-96b1
In base 11, what is 117 + 35a8?
3714
In base 3, what is 111011121 + -1000?
111010121
In base 9, what is -1478 + 10?
-1468
In base 10, what is 289 - 1573?
-1284
In base 11, what is 4 + -6744?
-6740
In base 15, what is 7b - 283?
-207
In base 12, what is -230 - 18aa?
-1b1a
In base 7, what is 123 + 16?
142
In base 12, what is 60 - -216?
276
In base 10, what is -2225 - -37?
-2188
In base 6, what is -4145 - 14120?
-22305
In base 12, what is -124b + b?
-1240
In base 12, what is 5a159 + -5?
5a154
In base 6, what is -1110 - 4402?
-5512
In base 14, what is 15 + 1cab?
1cc2
In base 2, what is -100011111110 + -100?
-100100000010
In base 9, what is -25148 + 5?
-25143
In base 11, what is -2aa - 1143?
-1442
In base 4, what is -11 + 1131211?
1131200
In base 2, what is -1101111011 + 10111101?
-1010111110
In base 6, what is -15030 + 112?
-14514
In base 11, what is 273255 + -3?
273252
In base 15, what is -b + dd13?
dd07
In base 2, what is -101010101 + -111001000111?
-111110011100
In base 13, what is 1a + 1c8b2?
1c8cc
In base 16, what is -7fb7 + 2?
-7fb5
In base 15, what is 3 - e959?
-e956
In base 4, what is -21121 + 323020?
301233
In base 12, what is a78aaa + -2?
a78aa8
In base 6, what is -12 + 44223?
44211
In base 7, what is 64 - -21530?
21624
In base 16, what is 28a + 4e?
2d8
In base 10, what is -4788 - -507?
-4281
In base 4, what is 10130130 - 11?
10130113
In base 7, what is -3 + -5003341?
-5003344
In base 6, what is 115002 + 3?
115005
In base 13, what is -4 + -8268?
-826c
In base 2, what is -10011111110001 - -11?
-10011111101110
In base 15, what is 5 - -e6e?
e74
In base 10, what is -2275 - -1?
-2274
In base 5, what is 3230140210 - 0?
3230140210
In base 7, what is -434306 + 40?
-434236
In base 2, what is 1100010 + 10011101?
11111111
In base 14, what is -1427 - 5?
-142c
In base 4, what is 1 - -121303233?
121303300
In base 8, what is -73472 - 115?
-73607
In base 4, what is 2320231213 + -10?
2320231203
In base 13, what is -33b - -380?
42
In base 6, what is -10020312 - 1?
-10020313
In base 6, what is -345 + 212?
-133
In base 10, what is 120672 + -3?
120669
In base 15, what is -46b - ca?
-546
In base 2, what is -10011011100011 + -1000000?
-10011100100011
In base 16, what is 0 - -167?
167
In base 9, what is -281 + -11571?
-11862
In base 10, what is 3093 + 9?
3102
In base 3, what is 100000 - 1000?
22000
In base 8, what is -5 + -75124?
-75131
In base 10, what is -40 - 116?
-156
In base 8, what is 505731 - 3?
505726
In base 10, what is 17 + 121?
138
In base 2, what is 100 + 10110010111100?
10110011000000
In base 10, what is 7007 - -292?
7299
In base 7, what is -232 + -4425?
-4660
In base 15, what is 348b5 - 2?
348b3
In base 12, what is 7931 + -40?
78b1
In base 14, what is -1119748 + -2?
-111974a
In base 13, what is -531 - -27?
-507
In base 8, what is 6067 + 1311?
7400
In base 12, what is -2b7 - -16?
-2a1
In base 13, what is 591 - -4?
595
In base 2, what is -11110111111011 + 11?
-11110111111000
In base 14, what is -105 + -60?
-165
In base 16, what is -7c02 - -2?
-7c00
In base 8, what is -1022323 - 7?
-1022332
In base 10, what is 2 + 2738?
2740
In base 7, what is -131666 + -20?
-132016
In base 2, what is 101001100 - -11110?
101101010
In base 13, what is -1 + 60a4?
60a3
In base 8, what is -17017 - 511?
-17530
In base 12, what is 22a - 340?
-112
In base 14, what is 92 + -14a6?
-1414
In base 10, what is 7074 + 417?
7491
In base 13, what is -6 + -1?
-7
In base 7, what is 106663 - 2?
106661
In base 5, what is -12111233 + 23?
-12111210
In base 9, what is 5465 - 3?
5462
In base 4, what is 3 + 101310131?
101310200
In base 4, what is 2230 - -30?
2320
In base 2, what is -11 - -1001110101101?
1001110101010
In base 13, what is -31979 + -2a?
-319a6
In base 3, what is -101000011011201 + -12?
-101000011011220
In base 15, what is a5 - 4aa8?
-4a03
In base 11, what is 386 + 30?
406
In base 13, what is -6c + 184a9?
1843a
In base 10, what is -50 + -19?
-69
In base 16, what is -2ce + 48?
-286
In base 14, what is 4 - 22938?
-22934
In base 5, what is -103 - 1040310?
-1040413
In base 5, what is -12134 + -14?
-12203
In base 3, what is -12001201100 - 10?
-12001201110
In base 11, what is -6 + -2592?
-2598
In base 12, what is -10 + -46a?
-47a
In base 16, what is 3 - 8e34?
-8e31
In base 14, what is -2 + b9d?
b9b
In base 16, what is -93b + -dc?
-a17
In base 13, what is -2caa - -71?
-2c39
In base 10, what is 51750 - 9?
51741
In base 10, what is -4598 - -27?
-4571
In base 16, what is -1912 + -f1?
-1a03
In base 7, what is -14 - -2310115?
2310101
In base 3, what is -111 + -1110212?
-1111100
In base 11, what is -628662 - -3?
-62865a
In base 12, what is 0 - 8230?
-8230
In base 6, what is 40402 - -14?
40420
In base 11, what is 5586 + 5?
5590
In base 3, what is 22211101112 + 12?
22211101201
In base 5, what is 1140 + 22?
1212
In base 4, what is 10011211 + 2332?
10020203
In base 9, what is -2428 - -208?
-2220
In base 6, what is -24344 + -34?
-24422
In base 16, what is -25 + -3f1?
-416
In base 2, what is -1110 + 111000?
101010
In base 12, what is -90 + 10b?
3b
In base 14, what is -2d - -30b7?
3088
In base 13, what is -1 + -779?
-77a
In base 12, what is -ba2 - 10?
-bb2
In base 11, what is -2a72 + -5?
-2a77
In base 5, what is -2 - -3411140?
3411133
In base 8, what is -3067 - 106?
-3175
In base 15, what is 2 - -498d?
4990
In base 14, what is -130d + -6?
-1315
In base 13, what is 5595 - -2?
5597
In base 6, what is 44 + -113344?
-113300
In base 9, what is 10 - 381?
-371
In base 7, what is 0 + 2262106?
2262106
In base 6, what is 0 + -15202432?
-15202432
In base 13, what is -1a + -39?
-56
In base 2, what is 1000010 - 10010001?
-1001111
In base 8, what is 10615 - 1?
10614
In base 15, what is 9c - 4b1?
-414
In base 6, what is 500500 - 1?
500455
In base 8, what is -36 + 5463?
5425
In base 15, what is -63bbc - 3?
-63bc0
In base 11, what is 72 - 5073?
-5001
In base 15, what is -2a14 - -b3?
-2951
In base 3, what is 10 + 10101120000?
10101120010
In base 14, what is -118 - 4bd0?
-4d08
In base 16, what is -23 - -7e99?
7e76
In base 4, what is 1011 + 113130?
120201
In base 14, what is 2 + da22?
da24
In base 16, what is 47 - -b149?
b190
In base 11, what is 23773 - -3?
23776
In base 16, what is -8e2 - -12?
-8d0
In base 4, what is -1 - -2203313?
2203312
In base 9, what is 883871 - -6?
883877
In base 7, what is -42640243 + -5?
-42640251
In base 14, what is -8 - -7b04?
7ada
In base 2, what is 10000100000 + 1001101?
10001101101
In base 13, what is -361049 + 1?
-361048
In base 8, what is 11531631 - 5?
11531624
In base 3, what is -11010201122101 - 12?
-11010201122120
In base 2, what is -100001 + 10001101101?
10001001100
In base 4, what is -30 + 221320012?
221313322
In base 7, what is -226342 - -10?
-226332
In base 3, what is 121020222 + -12?
121020210
In base 8, what is -7250 - 7?
-7257
In base 13, what is 1467 - -2c?
1496
In base 15, what is -33 + 580?
54c
In base 2, what is 1010111110 + 100001?
1011011111
In base 13, what is 23bc + 9?
23c8
In base 4, what is 1023203222 - 1?
1023203221
In base 7, what is -56 - -1323?
1234
In base 16, what is 3 - -173d?
1740
In base 16, what is -b1af + -4?
-b1b3
In base 4, what is -21223022 + 0?
-21223022
In base 15, what is 1155 + 8e?
11e4
In base 3, what is 2222102 - -12120112?
22112221
In base 9, what is -700 - 317?
-1117
In base 2, what is 100 + -11000001101000111?
-11000001101000011
In base 10, what is 0 + 2386?
2386
In base 13, what is 830a + 31?
833b
In base 15, what is b8 - -296?
35e
In base 14, what is 1d0 - -29?
219
In base 12, what is -2 + 1760?
175a
In base 14, what is -6660 + 77?
-65c7
In base 8, what is -7 - -266634?
266625
In base 12, what is 493 - -1404?
1897
In base 15, what is 155c - -5?
1562
In base 13, what is 1c + -a2?
-83
In base 5, what is 13031 + -204?
12322
In base 14, what is -22126b - 3?
-221270
In base 9, what is 6235627 - 0?
6235627
In base 9, what is 75 + -67574?
-67488
In base 4, what is 2 + -1003002?
-1003000
In base 15, what is -294e5 + -2?
-294e7
In base 15, what is 3 - -7299?
729c
In base 3, what is 101121 + 21202121?
22011012
In base 13, what is -2 - -63377?
63375
In base 7, what is -5340561 + -1?
-5340562
In base 7, wha